when 2528 is divided by 520?
448
What is the remainder when 728440 is divided by 198?
196
Calculate the remainder when 604749 is divided by 205.
204
Calculate the remainder when 11912 is divided by 312.
56
What is the remainder when 1932 is divided by 357?
147
Calculate the remainder when 1539 is divided by 415.
294
Calculate the remainder when 15613 is divided by 2550.
313
What is the remainder when 722 is divided by 162?
74
Calculate the remainder when 6886 is divided by 995.
916
What is the remainder when 197392 is divided by 208?
0
Calculate the remainder when 104038 is divided by 6.
4
What is the remainder when 17805 is divided by 891?
876
What is the remainder when 1001274 is divided by 212?
210
What is the remainder when 70889 is divided by 6?
5
What is the remainder when 16146 is divided by 249?
210
What is the remainder when 2135 is divided by 94?
67
What is the remainder when 10287 is divided by 47?
41
What is the remainder when 345700 is divided by 79?
75
Calculate the remainder when 6802 is divided by 894.
544
Calculate the remainder when 63023 is divided by 548.
3
Calculate the remainder when 1619 is divided by 308.
79
What is the remainder when 41439 is divided by 2353?
1438
What is the remainder when 22460 is divided by 12?
8
What is the remainder when 106296 is divided by 401?
31
What is the remainder when 12417 is divided by 148?
133
What is the remainder when 75634 is divided by 244?
238
Calculate the remainder when 956 is divided by 397.
162
Calculate the remainder when 206484 is divided by 66.
36
Calculate the remainder when 65966 is divided by 10993.
8
Calculate the remainder when 2696 is divided by 234.
122
Calculate the remainder when 13004 is divided by 89.
10
Calculate the remainder when 5302 is divided by 250.
52
Calculate the remainder when 462395 is divided by 372.
371
What is the remainder when 327 is divided by 67?
59
What is the remainder when 174295 is divided by 60?
55
What is the remainder when 18111 is divided by 491?
435
Calculate the remainder when 5163 is divided by 1648.
219
Calculate the remainder when 7097 is divided by 112.
41
Calculate the remainder when 334775 is divided by 1131.
1130
Calculate the remainder when 3554 is divided by 1768.
18
What is the remainder when 15824 is divided by 140?
4
Calculate the remainder when 47722 is divided by 194.
192
Calculate the remainder when 23233 is divided by 5137.
2685
What is the remainder when 13749 is divided by 598?
593
What is the remainder when 30601 is divided by 7?
4
What is the remainder when 459059 is divided by 34?
25
Calculate the remainder when 40497 is divided by 382.
5
Calculate the remainder when 2984 is divided by 9.
5
What is the remainder when 3717 is divided by 207?
198
Calculate the remainder when 275 is divided by 12.
11
What is the remainder when 36187 is divided by 332?
331
What is the remainder when 4283 is divided by 92?
51
Calculate the remainder when 12382 is divided by 775.
757
Calculate the remainder when 4947 is divided by 546.
33
Calculate the remainder when 48461 is divided by 1615.
11
Calculate the remainder when 8172 is divided by 4036.
100
Calculate the remainder when 18209 is divided by 825.
59
What is the remainder when 1315 is divided by 1109?
206
Calculate the remainder when 1250787 is divided by 173.
170
Calculate the remainder when 1434 is divided by 467.
33
Calculate the remainder when 800399 is divided by 1380.
1379
What is the remainder when 5511 is divided by 1459?
1134
What is the remainder when 33342 is divided by 45?
42
What is the remainder when 55033 is divided by 55025?
8
What is the remainder when 307775 is divided by 153878?
19
What is the remainder when 8574 is divided by 14?
6
What is the remainder when 640140 is divided by 263?
261
Calculate the remainder when 14983 is divided by 652.
639
What is the remainder when 4334 is divided by 1566?
1202
What is the remainder when 23269 is divided by 517?
4
What is the remainder when 34191 is divided by 34188?
3
Calculate the remainder when 1512 is divided by 338.
160
What is the remainder when 3552 is divided by 590?
12
Calculate the remainder when 5937 is divided by 273.
204
What is the remainder when 140228 is divided by 9?
8
What is the remainder when 92741 is divided by 12?
5
Calculate the remainder when 41581 is divided by 660.
1
Calculate the remainder when 14568 is divided by 162.
150
Calculate the remainder when 590881 is divided by 329.
326
What is the remainder when 29904 is divided by 31?
20
What is the remainder when 189901 is divided by 1519?
26
Calculate the remainder when 68054 is divided by 17009.
18
Calculate the remainder when 18867 is divided by 248.
19
What is the remainder when 55946 is divided by 26?
20
Calculate the remainder when 4747 is divided by 11.
6
What is the remainder when 91121 is divided by 209?
206
Calculate the remainder when 1581 is divided by 85.
51
Calculate the remainder when 18468 is divided by 17914.
554
Calculate the remainder when 31855 is divided by 2449.
18
What is the remainder when 3771267 is divided by 577?
572
What is the remainder when 806 is divided by 99?
14
Calculate the remainder when 68390 is divided by 17091.
26
What is the remainder when 19345 is divided by 41?
34
Calculate the remainder when 1701 is divided by 8.
5
Calculate the remainder when 114798 is divided by 28694.
22
Calculate the remainder when 1378 is divided by 166.
50
Calculate the remainder when 36289 is divided by 10.
9
Calculate the remainder when 413725 is divided by 1301.
7
Calculate the remainder when 371 is divided by 169.
33
Calculate the remainder when 23858 is divided by 5932.
130
What is the remainder when 1155 is divided by 870?
285
What is the remainder when 32224 is divided by 293?
287
What is the remainder when 1153202 is divided by 67?
65
Calculate the remainder when 2076797 is divided by 440.
437
What is the remainder when 120 is divided by 14?
8
Calculate the remainder when 3884159 is divided by 51.
50
What is the remainder when 10950 is divided by 5475?
0
What is the remainder when 3446 is divided by 17?
12
What is the remainder when 761100 is divided by 63425?
0
Calculate the remainder when 2156 is divided by 421.
51
Calculate the remainder when 2719 is divided by 20.
19
What is the remainder when 48522 is divided by 4408?
34
What is the remainder when 3144 is divided by 119?
50
Calculate the remainder when 67205 is divided by 896.
5
Calculate the remainder when 2633 is divided by 1145.
343
Calculate the remainder when 53316 is divided by 176.
164
Calculate the remainder when 5272 is divided by 55.
47
What is the remainder when 92929 is divided by 1602?
13
Calculate the remainder when 26449 is divided by 117.
7
What is the remainder when 166470 is divided by 55463?
81
What is the remainder when 12934 is divided by 380?
14
Calculate the remainder when 3782607 is divided by 915.
912
What is the remainder when 136243 is divided by 176?
19
What is the remainder when 1570 is divided by 309?
25
What is the remainder when 358953 is divided by 101?
100
What is the remainder when 14905 is divided by 37?
31
What is the remainder when 5714 is divided by 220?
214
Calculate the remainder when 6547 is divided by 91.
86
What is the remainder when 13982 is divided by 2?
0
What is the remainder when 6123 is divided by 2569?
985
What is the remainder when 714872 is divided by 41?
37
Calculate the remainder when 181877 is divided by 1432.
13
Calculate the remainder when 31569 is divided by 2869.
10
Calculate the remainder when 25509 is divided by 657.
543
Calculate the remainder when 7746 is divided by 97.
83
What is the remainder when 2192 is divided by 542?
24
Calculate the remainder when 1320102 is divided by 24.
6
What is the remainder when 18996 is divided by 19?
15
What is the remainder when 3001 is divided by 1450?
101
Calculate the remainder when 61745 is divided by 176.
145
Calculate the remainder when 4837 is divided by 4791.
46
Calculate the remainder when 415 is divided by 144.
127
What is the remainder when 337462 is divided by 21?
13
What is the remainder when 64874 is divided by 31?
22
What is the remainder when 21292 is divided by 853?
820
Calculate the remainder when 38055 is divided by 71.
70
Calculate the remainder when